 = 3*g, 0 = 4*g - 10 - 2. Suppose 0 = -4*f - 4, 3*j - c*f - 15 = 8. Suppose -j*x - 653 = -7*x. Is x composite?
False
Let f = -4210 - -20169. Is f a prime number?
True
Suppose 0 = 5*o - i - 66453, 0*i = -2*o - i + 26584. Is o a composite number?
False
Let j be 14 - (13 + (7 - 14)). Suppose -j*x - 2631 = -50719. Is x a composite number?
False
Let u = -230 + 250. Suppose u*n - 2846 = 43814. Is n composite?
False
Suppose 9*h + 8 = 5*h. Let g be (3 + h*(-3 + -241))*1. Let r = 744 - g. Is r prime?
False
Is -6 + 33/6 + (-4 - (-148315)/10) prime?
True
Suppose 5*q = 3*o + 91318, 0 = -3*q - 2*o - 15061 + 69848. Suppose -5*f - 2*f = -q. Let b = f - 1068. Is b prime?
False
Let c(u) be the third derivative of 57*u**5/20 - u**4/8 + u**3/2 - 15*u**2. Let x(d) be the first derivative of c(d). Is x(1) a prime number?
False
Is (14/6)/((-658)/(-923053398)) a prime number?
True
Suppose a = 4*n + 192, -82 = 4*a + 2*n - 850. Suppose 198*f - a*f = 10158. Is f composite?
False
Let g(w) = -5 + 72*w**2 + 30 + 245*w**2 - 8*w. Is g(6) composite?
True
Let t(a) = -12875*a**3 + 10*a**2 + 100*a + 292. Is t(-3) a composite number?
False
Suppose -1168 = -2*v + 2*k, -730 + 2482 = 3*v - 5*k. Suppose 4*m + 2*s = s + v, -2*m + 278 = -3*s. Is m composite?
True
Is 8 + (-288470)/(-14) + -2 a prime number?
True
Let g(u) = -3*u**2 - u. Let l be g(-1). Let i be ((-77)/l)/(2/4). Suppose t - 36 - i = 0. Is t prime?
True
Is 108/(-72)*1/(3/741644*-2) a composite number?
True
Is (-15 - (-15 + 3))*61738/(-6) a prime number?
True
Let s(h) be the second derivative of 1797*h**4/4 + h**3 + 7*h**2/2 - 9*h + 4. Is s(-2) composite?
False
Let f = -328470 - -499169. Is f a composite number?
True
Suppose 253196 = 10*b + 45519 - 427233. Is b a composite number?
True
Suppose 5*x - 27*x = 212586. Is 40/(-60)*(-3)/(-6)*x a composite number?
False
Let x be 10/(-270)*-185214 - (-2)/9. Suppose -4*b - 3*r + x = -2*b, 0 = -3*r + 6. Is b a composite number?
True
Is ((-6)/8)/((-2754973)/4132284 + (-2)/(-3)) a composite number?
False
Suppose 347*a - 1089603 = -4*j + 348*a, 0 = j - 4*a - 272427. Is j prime?
True
Suppose 4*f + 5*f = 0. Let m(j) = 0*j + f*j - 16 + 2*j - 4*j + 205*j**2. Is m(-3) a composite number?
True
Let a(w) = 984*w - 19. Let f be -5 + (-3 - (-17 - -7)). Is a(f) prime?
True
Let o(k) = -114*k - 106. Let p be o(-17). Let w be 4*(2 + (-3164)/16). Let i = w + p. Is i composite?
False
Let j(b) = -315*b - 13. Let n(v) = 3*v - 1. Let w = 16 + -17. Let x be n(w). Is j(x) a prime number?
False
Let h = 194 + -191. Suppose -h*x + 13*x - 4870 = 0. Is x a composite number?
False
Suppose -274 = 48*m + 446. Is -2 + 0 + 5925*m/(-45) a composite number?
False
Suppose 4*f - 5*f = -8. Let y be (-1 - 1 - (3 + -2)) + f. Suppose 3*q - 2660 = -c, y*q - 3*c + 1875 - 6299 = 0. Is q a composite number?
True
Suppose 130*d - 109930359 = 66703111. Is d composite?
True
Suppose -4*x + 298500 = 2*n, -3*n + 2*x + 522139 = 74405. Is n composite?
True
Let i(r) = -r**2 - 14*r - 43. Let y be i(-8). Let u(j) = -31*j**2 - 8*j + 8. Let f(s) = -s - 1. Let d(o) = 3*f(o) - u(o). Is d(y) a prime number?
False
Let k(m) be the third derivative of -m**9/60480 - m**7/5040 + 1939*m**6/720 - m**5/12 + 7*m**2. Let f(w) be the third derivative of k(w). Is f(0) composite?
True
Let z be (-4)/14 + (-2)/(-7). Let f(r) = r**2 + 2*r + 639. Let j be f(z). Suppose -j = -2*n + 5*o, 3*n - 721 = -2*o + 190. Is n prime?
True
Suppose 5*r = 3*d + 37, -7 = -r - 2*d + 3. Let f(l) = l**3 + 2*l**2 + 7*l + 9. Let a be f(r). Suppose 0 = i + 4*i - a. Is i a composite number?
True
Suppose 664284 = p - 2*m - 234909 + 238144, 0 = 5*m. Is p composite?
False
Let m(w) be the first derivative of 677*w**2/2 - 382*w + 67. Is m(9) composite?
False
Let h(n) = 10360*n**3 + 99*n - 365. Is h(4) prime?
True
Let s(y) = -y**3 - 5*y**2 - 2*y + 2. Let j be s(-4). Is 15/10 + 3 + (-25599)/j a composite number?
False
Let z(b) = -269*b - 8. Let p be z(-5). Suppose 4*o - p = -3*f, 0*o - 2*f = 3*o - 1003. Let k = 708 - o. Is k a composite number?
False
Suppose -7*o + 322 = -0*o. Suppose 3*g - 2*j - o = 4*g, 4*g = -3*j - 159. Is -1 - 2996/g - 4/18 a composite number?
True
Let m(n) = -83*n - 17. Let b be m(-3). Is 577419/b + 2/16 prime?
False
Suppose 0 = -5*y + y + 16. Suppose -5*j + 20 = -y*u, -5*j + 25 = -3*u + 5. Suppose u = 9*t + 1117 - 18118. Is t prime?
True
Suppose -32*u - 11*u = -1146337. Is u composite?
True
Suppose -803 = -3*z + i, i = -5*z + 6*i + 1335. Let f = z + 30. Is f a prime number?
False
Let o = 144755 - -71250. Is o composite?
True
Let w be 10/(-25) - (-26)/(-10). Let n(m) = 13*m - 17. Let v(x) = -13*x + 18. Let k(d) = -4*n(d) - 3*v(d). Is k(w) a composite number?
False
Let x = -139 - -613. Let g = x - 173. Is g composite?
True
Let f(p) = 32061*p - 2014. Is f(5) prime?
False
Let p be (-33)/(-9) + -4 - 3953/3. Let t = p + 2537. Is t prime?
False
Let r be (-9 - 437/(-38))*(0 - 2). Let z(w) = -47*w**2 - 13*w - 7. Let u(h) = 48*h**2 + 13*h + 7. Let j(f) = -2*u(f) - 3*z(f). Is j(r) prime?
False
Let r = -2938 - -1253. Suppose 21*c - 22*c - 2 = 0. Is c/(-3 + r/(-565)) a composite number?
False
Let l(m) be the first derivative of 26*m**2 + 27*m - 38. Is l(22) a prime number?
True
Let x(l) = -3*l**3 - 9*l**2 + 12*l - 7. Let c be x(8). Let a be c + 1 + (-1 - -5). Let p = -487 - a. Is p a composite number?
False
Let o(x) = 23*x - 343*x**2 + 84*x**2 + 1120*x**2 - 53. Is o(3) prime?
False
Let a(k) be the second derivative of k**4/12 - k**3 - k**2/2 - 3*k. Let f be a(6). Is 2 - (f + -273 + 2) prime?
False
Suppose 4*f - 2494 = -3*l, 4*l = -34*f + 32*f + 3312. Let u = 1465 + l. Is u a composite number?
True
Let f(j) = -j**2 + 4*j + 2. Let h be f(7). Let u = h - -23. Suppose -10*t + u*t + 5322 = 0. Is t prime?
True
Suppose 2547333 = 100*z + 19*z + 528022. Is z a prime number?
False
Suppose 3*h + 346 = 5*h. Let z be h*2*(-1 + (-9)/(-6)). Suppose z = 2*i - 3*x, 2*x = 5*i - x - 410. Is i a composite number?
False
Let j be -3 + 4/(-12) + (-14)/(-6). Let y be (-5)/(-20) + 9806/8 + j. Suppose -y = -9*l + 1430. Is l prime?
False
Let v = 1859 + 7740. Is v a composite number?
True
Let l(w) = -w**3 - 11*w**2 + 12*w + 6. Let g be l(-12). Is (g + (-2 - -73))*1 a composite number?
True
Suppose 28*p - 31*p = -161409. Is p a composite number?
True
Let r = 25 + -11. Let v(q) = 46*q**2 + 8*q + 22 - 10 - r - 13. Is v(4) a composite number?
True
Let o(k) = -1601*k + 424. Is o(-15) a prime number?
True
Suppose o - u - 9 = 0, 3*u - 12 - 1 = -o. Suppose -5*z + o = -10. Suppose -z*h + 10 + 74 = 0. Is h a composite number?
True
Let c(p) be the first derivative of 55*p**3/3 - 17*p**2/2 + 53*p + 64. Is c(-27) composite?
True
Is 11/(44/484888) + -4 - (6 - 1) a composite number?
True
Suppose 266516 = -2*u + 6*u + 4*t, 0 = 3*u - 3*t - 199887. Is u a composite number?
False
Let x(f) = 453*f**3 - 17*f**2 - 6*f + 5. Let c be x(6). Let b = c + -65338. Is b a prime number?
False
Let o(b) = 3*b**3 + 13*b**2 + 17*b + 2. Let a(q) = q**3 + q**2 + q - 1. Let k(w) = 6*a(w) - o(w). Is k(11) prime?
False
Suppose -3*d = 2*c - 11381, 2*d - 5381 = 5*c + 2238. Is d prime?
True
Let d(i) = -658*i + 117. Let a be ((-1)/(-4)*2)/(46/(-368)). Is d(a) a prime number?
True
Suppose 6*f - 938 = 7*f. Let h = 641 + f. Let y = h - -1156. Is y composite?
False
Suppose -830079 = -19*m + 321112. Is m a composite number?
False
Let v = -12197 - -59190. Is v composite?
False
Let y = 271 - 267. Suppose 4*k - 5*n - 8932 = 3720, 0 = -k + y*n + 3163. Is k a composite number?
False
Let w be (-799778)/42*1*-3. Let f = w - 40716. Is f composite?
False
Let v = -23836 - -34617. Let i = v + 5550. Is i prime?
False
Let i(y) = -7*y - 7. Let n be i(-3). Suppose 0 = -4*b - f + 23 - 9, f + n = 3*b. Suppose b*d = -u + 5, -8 = 4*d + 8. Is u a composite number?
True
Let k be (-16)/(7 + -3) - (-7 - 0). Suppose -2*a = -4*j - 76, -k*a - 5*j = -0*a - 59. Is a/12*-3*(-79 + 0) composite?
True
Let g = 114656 + -5055. Is g prime?
False
Suppose 4*l = 5*g + 17 + 16, 3*g = -15. Suppose l*r - 585541 = -9*r. Is r prime?
True
Suppose 107*v - 5292235 = 2953187 + 1190159. Is v prime?
False
Let f = 19184 + -10085. Let p = -250 + f. Is p a prime number?
True
Let r = -14 - -22. Suppose -21 = -r*c + c. Suppose 0 = -c*q - q + 1324. Is q prime?
True
Let l(o) = -5*o**3 + o**2 - o - 3. Let h 